{"id":151,"date":"2024-09-08T20:35:40","date_gmt":"2024-09-08T18:35:40","guid":{"rendered":"https:\/\/www.fau.uto.edu.bo\/?page_id=151"},"modified":"2024-09-11T22:02:54","modified_gmt":"2024-09-11T20:02:54","slug":"koha-biblioteca","status":"publish","type":"page","link":"https:\/\/www.fau.uto.edu.bo\/?page_id=151","title":{"rendered":"Koha Biblioteca"},"content":{"rendered":"\n<p>La Facultad cuenta con el Sistema de Biblioteca Koha, una plataforma integral y de c\u00f3digo abierto dise\u00f1ada para la gesti\u00f3n eficiente de bibliotecas. A trav\u00e9s de esta herramienta, los usuarios pueden realizar b\u00fasquedas de materiales bibliogr\u00e1ficos, gestionar pr\u00e9stamos, renovaciones y reservas, adem\u00e1s de acceder a recursos digitales. Asimismo, los administradores disponen de funciones avanzadas para el control del cat\u00e1logo, generaci\u00f3n de informes y administraci\u00f3n de usuarios, optimizando la operaci\u00f3n de la biblioteca.<\/p>\n\n\n\n<div class=\"wp-block-buttons is-layout-flex wp-block-buttons-is-layout-flex\">\n<div class=\"wp-block-button\"><a class=\"wp-block-button__link wp-element-button\" href=\"https:\/\/biblioteca.uto.edu.bo\/cgi-bin\/koha\/opac-search.pl?idx=&amp;q=&amp;limit=branch%3ABAU&amp;weight_search=1\">Ingresar<\/a><\/div>\n<\/div>\n\n\n\n<p><\/p>\n","protected":false},"excerpt":{"rendered":"<p>La Facultad cuenta con el Sistema de Biblioteca Koha, una plataforma integral y de c\u00f3digo abierto dise\u00f1ada para la gesti\u00f3n eficiente de bibliotecas. A trav\u00e9s de esta herramienta, los usuarios pueden realizar b\u00fasquedas de materiales bibliogr\u00e1ficos, gestionar pr\u00e9stamos, renovaciones y reservas, adem\u00e1s de acceder a recursos digitales. Asimismo, los administradores disponen de funciones avanzadas para el control del cat\u00e1logo, generaci\u00f3n de informes y administraci\u00f3n de usuarios, optimizando la operaci\u00f3n de la biblioteca.<\/p>\n","protected":false},"author":1,"featured_media":0,"parent":0,"menu_order":0,"comment_status":"closed","ping_status":"closed","template":"","meta":{"_cbd_carousel_blocks":"[]","footnotes":""},"class_list":["post-151","page","type-page","status-publish","hentry"],"_links":{"self":[{"href":"https:\/\/www.fau.uto.edu.bo\/index.php?rest_route=\/wp\/v2\/pages\/151","targetHints":{"allow":["GET"]}}],"collection":[{"href":"https:\/\/www.fau.uto.edu.bo\/index.php?rest_route=\/wp\/v2\/pages"}],"about":[{"href":"https:\/\/www.fau.uto.edu.bo\/index.php?rest_route=\/wp\/v2\/types\/page"}],"author":[{"embeddable":true,"href":"https:\/\/www.fau.uto.edu.bo\/index.php?rest_route=\/wp\/v2\/users\/1"}],"replies":[{"embeddable":true,"href":"https:\/\/www.fau.uto.edu.bo\/index.php?rest_route=%2Fwp%2Fv2%2Fcomments&post=151"}],"version-history":[{"count":3,"href":"https:\/\/www.fau.uto.edu.bo\/index.php?rest_route=\/wp\/v2\/pages\/151\/revisions"}],"predecessor-version":[{"id":326,"href":"https:\/\/www.fau.uto.edu.bo\/index.php?rest_route=\/wp\/v2\/pages\/151\/revisions\/326"}],"wp:attachment":[{"href":"https:\/\/www.fau.uto.edu.bo\/index.php?rest_route=%2Fwp%2Fv2%2Fmedia&parent=151"}],"curies":[{"name":"wp","href":"https:\/\/api.w.org\/{rel}","templated":true}]}}