{"id":373,"date":"2024-09-13T20:42:55","date_gmt":"2024-09-13T18:42:55","guid":{"rendered":"https:\/\/www.fau.uto.edu.bo\/?page_id=373"},"modified":"2024-10-22T18:07:40","modified_gmt":"2024-10-22T16:07:40","slug":"saga","status":"publish","type":"page","link":"https:\/\/www.fau.uto.edu.bo\/?page_id=373","title":{"rendered":"SAGA"},"content":{"rendered":"\n<p>El Sistema de Administraci\u00f3n y Gesti\u00f3n Acad\u00e9mica (SAGA) de la Universidad T\u00e9cnica de Oruro (UTO) es una plataforma integral dise\u00f1ada para administrar y gestionar de manera eficiente todos los procesos acad\u00e9micos dentro de la universidad. A trav\u00e9s de SAGA, se centralizan y automatizan actividades como la inscripci\u00f3n de estudiantes, la gesti\u00f3n de horarios, la asignaci\u00f3n de materias, el registro de calificaciones y el seguimiento del rendimiento acad\u00e9mico.<\/p>\n\n\n\n<div class=\"wp-block-buttons is-layout-flex wp-block-buttons-is-layout-flex\">\n<div class=\"wp-block-button\"><a class=\"wp-block-button__link wp-element-button\" href=\"https:\/\/saga.uto.edu.bo\/\">Sistema SAGA<\/a><\/div>\n<\/div>\n","protected":false},"excerpt":{"rendered":"<p>El Sistema de Administraci\u00f3n y Gesti\u00f3n Acad\u00e9mica (SAGA) de la Universidad T\u00e9cnica de Oruro (UTO) es una plataforma integral dise\u00f1ada para administrar y gestionar de manera eficiente todos los procesos acad\u00e9micos dentro de la universidad. A trav\u00e9s de SAGA, se centralizan y automatizan actividades como la inscripci\u00f3n de estudiantes, la gesti\u00f3n de horarios, la asignaci\u00f3n de materias, el registro de calificaciones y el seguimiento del rendimiento acad\u00e9mico.<\/p>\n","protected":false},"author":2,"featured_media":0,"parent":0,"menu_order":0,"comment_status":"closed","ping_status":"closed","template":"","meta":{"_cbd_carousel_blocks":"[]","footnotes":""},"class_list":["post-373","page","type-page","status-publish","hentry"],"_links":{"self":[{"href":"https:\/\/www.fau.uto.edu.bo\/index.php?rest_route=\/wp\/v2\/pages\/373","targetHints":{"allow":["GET"]}}],"collection":[{"href":"https:\/\/www.fau.uto.edu.bo\/index.php?rest_route=\/wp\/v2\/pages"}],"about":[{"href":"https:\/\/www.fau.uto.edu.bo\/index.php?rest_route=\/wp\/v2\/types\/page"}],"author":[{"embeddable":true,"href":"https:\/\/www.fau.uto.edu.bo\/index.php?rest_route=\/wp\/v2\/users\/2"}],"replies":[{"embeddable":true,"href":"https:\/\/www.fau.uto.edu.bo\/index.php?rest_route=%2Fwp%2Fv2%2Fcomments&post=373"}],"version-history":[{"count":4,"href":"https:\/\/www.fau.uto.edu.bo\/index.php?rest_route=\/wp\/v2\/pages\/373\/revisions"}],"predecessor-version":[{"id":1412,"href":"https:\/\/www.fau.uto.edu.bo\/index.php?rest_route=\/wp\/v2\/pages\/373\/revisions\/1412"}],"wp:attachment":[{"href":"https:\/\/www.fau.uto.edu.bo\/index.php?rest_route=%2Fwp%2Fv2%2Fmedia&parent=373"}],"curies":[{"name":"wp","href":"https:\/\/api.w.org\/{rel}","templated":true}]}}